er when 2539081 is divided by 3089?
3012
What is the remainder when 1995444 is divided by 20571?
57
Calculate the remainder when 117519 is divided by 3557.
138
What is the remainder when 2228045 is divided by 22059?
86
Calculate the remainder when 8035 is divided by 544.
419
What is the remainder when 25067330 is divided by 92?
90
What is the remainder when 3064322 is divided by 3063844?
478
Calculate the remainder when 930969 is divided by 8473.
7412
Calculate the remainder when 14085003 is divided by 64610.
23
Calculate the remainder when 180311 is divided by 180282.
29
Calculate the remainder when 934201 is divided by 77845.
61
Calculate the remainder when 30650418 is divided by 12369.
36
What is the remainder when 734607 is divided by 15?
12
What is the remainder when 1847605 is divided by 3390?
55
What is the remainder when 132902 is divided by 2219?
1981
Calculate the remainder when 91154 is divided by 17885.
1729
What is the remainder when 3981136 is divided by 2860?
16
What is the remainder when 519151 is divided by 6489?
31
Calculate the remainder when 134801 is divided by 44929.
14
What is the remainder when 13393736 is divided by 2232275?
86
What is the remainder when 4329228 is divided by 140?
8
What is the remainder when 750003 is divided by 2525?
78
Calculate the remainder when 29968224 is divided by 699.
696
Calculate the remainder when 1850 is divided by 855.
140
Calculate the remainder when 593405 is divided by 152.
149
What is the remainder when 3332478 is divided by 1569?
1491
What is the remainder when 2167781 is divided by 1572?
1565
What is the remainder when 1385309 is divided by 47769?
8
Calculate the remainder when 11353430 is divided by 57.
56
Calculate the remainder when 183407 is divided by 2871.
2534
Calculate the remainder when 8204817 is divided by 586055.
47
What is the remainder when 1007070 is divided by 5164?
90
What is the remainder when 291604487 is divided by 1280?
7
What is the remainder when 310611 is divided by 182?
119
Calculate the remainder when 52561900 is divided by 55.
50
What is the remainder when 27422171 is divided by 299?
283
Calculate the remainder when 140197 is divided by 23358.
49
Calculate the remainder when 3476652 is divided by 21.
18
Calculate the remainder when 58323353 is divided by 13.
10
Calculate the remainder when 2464046 is divided by 123.
110
What is the remainder when 18679973 is divided by 2334994?
21
What is the remainder when 5435903 is divided by 1989?
1955
What is the remainder when 1947337 is divided by 177028?
29
What is the remainder when 93153 is divided by 30860?
573
What is the remainder when 6415968 is divided by 2462?
2458
What is the remainder when 14767 is divided by 1865?
1712
Calculate the remainder when 497389 is divided by 9383.
90
Calculate the remainder when 71398 is divided by 17840.
38
What is the remainder when 2856763 is divided by 50?
13
What is the remainder when 974267 is divided by 12813?
479
Calculate the remainder when 40131 is divided by 38754.
1377
What is the remainder when 45333592 is divided by 206?
202
Calculate the remainder when 262701 is divided by 1454.
981
What is the remainder when 75400066 is divided by 20?
6
Calculate the remainder when 34645 is divided by 11349.
598
What is the remainder when 1362998 is divided by 3?
2
What is the remainder when 2031849 is divided by 2866?
2721
Calculate the remainder when 57218 is divided by 1396.
1378
Calculate the remainder when 312850 is divided by 189.
55
What is the remainder when 4659074 is divided by 1501?
1471
What is the remainder when 30069588 is divided by 121?
120
What is the remainder when 94097207 is divided by 17?
14
Calculate the remainder when 330667821 is divided by 12.
9
What is the remainder when 12173 is divided by 320?
13
Calculate the remainder when 3403269 is divided by 23310.
9
What is the remainder when 71602 is divided by 2209?
914
What is the remainder when 17924196 is divided by 4562?
98
Calculate the remainder when 21344733 is divided by 336.
333
Calculate the remainder when 7005673 is divided by 20.
13
What is the remainder when 20161392 is divided by 2131?
1
What is the remainder when 93806 is divided by 770?
636
What is the remainder when 135431 is divided by 374?
43
What is the remainder when 18945 is divided by 270?
45
Calculate the remainder when 18822533 is divided by 6961.
6950
Calculate the remainder when 348544 is divided by 289.
10
Calculate the remainder when 2295751 is divided by 449.
14
What is the remainder when 114429613 is divided by 1157?
1156
What is the remainder when 875685 is divided by 682?
679
What is the remainder when 386219 is divided by 3945?
3554
What is the remainder when 18482397 is divided by 3696478?
7
What is the remainder when 736852 is divided by 3510?
3262
What is the remainder when 58205119 is divided by 39?
37
Calculate the remainder when 13487013 is divided by 5057.
5051
What is the remainder when 4070445 is divided by 1656?
1653
Calculate the remainder when 96034542 is divided by 45.
42
Calculate the remainder when 56614446 is divided by 56614432.
14
Calculate the remainder when 7161256 is divided by 2240.
2216
Calculate the remainder when 61695 is divided by 1127.
837
Calculate the remainder when 367291 is divided by 10489.
176
Calculate the remainder when 4967486 is divided by 21.
20
Calculate the remainder when 266987 is divided by 232.
187
Calculate the remainder when 1889882 is divided by 674.
660
Calculate the remainder when 1143055 is divided by 381009.
28
What is the remainder when 524616 is divided by 58258?
294
What is the remainder when 166627642 is divided by 4277?
4276
Calculate the remainder when 3206558 is divided by 2142.
2126
What is the remainder when 201400 is divided by 653?
276
What is the remainder when 11359304 is divided by 5679566?
172
Calculate the remainder when 362416 is divided by 109.
100
Calculate the remainder when 248604 is divided by 4873.
81
What is the remainder when 101716 is divided by 370?
336
What is the remainder when 561832 is divided by 1898?
24
What is the remainder when 466059 is divided by 77673?
21
Calculate the remainder when 357846 is divided by 81.
69
What is the remainder when 250758 is divided by 3166?
644
Calculate the remainder when 61322465 is divided by 140.
85
Calculate the remainder when 759944 is divided by 1288.
24
What is the remainder when 3566908 is divided by 3566907?
1
What is the remainder when 27679983 is divided by 5?
3
Calculate the remainder when 3520901 is divided by 192.
5
Calculate the remainder when 95796 is divided by 227.
2
Calculate the remainder when 1883252 is divided by 110.
52
What is the remainder when 202206 is divided by 2045?
1796
What is the remainder when 1429628 is divided by 296?
244
What is the remainder when 770546 is divided by 1579?
1573
Calculate the remainder when 9241148 is divided by 26.
20
What is the remainder when 369914 is divided by 491?
191
Calculate the remainder when 542796 is divided by 230.
226
What is the remainder when 93804 is divided by 23426?
100
Calculate the remainder when 365142911 is divided by 64.
63
Calculate the remainder when 16354989 is divided by 32.
13
Calculate the remainder when 1192211 is divided by 7225.
86
Calculate the remainder when 183186 is divided by 45792.
18
Calculate the remainder when 2199435 is divided by 439866.
105
Calculate the remainder when 48974558 is divided by 320095.
23
Calculate the remainder when 3750584 is divided by 1249435.
2279
What is the remainder when 4404842 is divided by 12842?
36
Calculate the remainder when 287108 is divided by 47850.
8
Calculate the remainder when 10825 is divided by 2967.
1924
Calculate the remainder when 471691 is divided by 20484.
559
What is the remainder when 29704945 is divided by 2118?
2113
What is the remainder when 4271439 is divided by 107?
106
Calculate the remainder when 26573118 is divided by 58.
12
What is the remainder when 85759628 is divided by 112?
108
Calculate the remainder when 2892238 is divided by 283.
261
Calculate the remainder when 42513809 is divided by 5835.
5834
Calculate the remainder when 1005616 is divided by 770.
766
Calculate the remainder when 257431828 is divided by 6278825.
3
What is the remainder when 84146 is 